{"id":9138,"date":"2021-11-01T19:54:43","date_gmt":"2021-11-01T22:54:43","guid":{"rendered":"https:\/\/festivalpoesiabsas.com.ar\/festivales-anteriores\/?post_type=tribe_events&#038;p=9138"},"modified":"2021-11-16T19:08:25","modified_gmt":"2021-11-16T22:08:25","slug":"espana-voces-entrelazadas-presencial","status":"publish","type":"tribe_events","link":"https:\/\/festivalpoesiabsas.com.ar\/festivales-anteriores\/?tribe_events=espana-voces-entrelazadas-presencial","title":{"rendered":"Espa\u00f1a: Voces entrelazadas"},"content":{"rendered":"<div class=\"wpb-content-wrapper\"><p>[vc_row][vc_column][vc_column_text]<img loading=\"lazy\" decoding=\"async\" class=\"alignnone size-full wp-image-9279\" src=\"https:\/\/festivalpoesiabsas.com.ar\/festivales-anteriores\/wp-content\/uploads\/2021\/11\/espana.jpg\" alt=\"\" width=\"1000\" height=\"493\" srcset=\"https:\/\/festivalpoesiabsas.com.ar\/festivales-anteriores\/wp-content\/uploads\/2021\/11\/espana.jpg 1000w, https:\/\/festivalpoesiabsas.com.ar\/festivales-anteriores\/wp-content\/uploads\/2021\/11\/espana-300x148.jpg 300w, https:\/\/festivalpoesiabsas.com.ar\/festivales-anteriores\/wp-content\/uploads\/2021\/11\/espana-768x379.jpg 768w\" sizes=\"(max-width: 1000px) 100vw, 1000px\" \/>[\/vc_column_text][vc_empty_space][\/vc_column][\/vc_row][vc_row][vc_column width=&#8221;2\/3&#8243;][vc_column_text]<\/p>\n<p class=\"p2\"><span class=\"s1\"><b>Participan: <\/b><\/span><\/p>\n<p class=\"p3\"><span class=\"s1\"><a href=\"https:\/\/festivalpoesiabsas.com.ar\/festivales-anteriores\/?team=veronica-aranda\">Ver\u00f3nica Aranda<\/a>, <a href=\"https:\/\/festivalpoesiabsas.com.ar\/festivales-anteriores\/?team=angela-alvarez-saez\">\u00c1ngela \u00c1lvarez S\u00e1ez<\/a>, <a href=\"https:\/\/festivalpoesiabsas.com.ar\/festivales-anteriores\/?team=ruth-llana\">Ruth Llana<\/a> y <a href=\"https:\/\/festivalpoesiabsas.com.ar\/festivales-anteriores\/?team=miriam-reyes\">Miriam Reyes <\/a><\/span><\/p>\n<p class=\"p3\"><span class=\"s1\"><b>Presenta: <\/b>Graciela Ar\u00e1oz<\/span><\/p>\n<p>[\/vc_column_text][\/vc_column][vc_column width=&#8221;1\/3&#8243; css=&#8221;.vc_custom_1637100355260{background-color: #f2f2f2 !important;}&#8221;][vc_icon icon_fontawesome=&#8221;fas fa-rss&#8221; color=&#8221;juicy_pink&#8221; size=&#8221;lg&#8221;]<h1 class=\"sc_title sc_title_regular margin_top_null margin_bottom_tiny\"><strong><span style=\"font-size: 18pt;\">Seguilo online<\/span><\/strong><\/h1><a href=\"https:\/\/www.youtube.com\/watch?v=DUXYsHHw27k\" target=\"blank\" class=\"sc_button sc_button_square sc_button_style_filled sc_button_size_medium\" style=\"color:#ffffff;\">Ingresar<\/a>[vc_empty_space][\/vc_column][\/vc_row]<\/p>\n<\/div><!-- AddThis Advanced Settings generic via filter on the_content --><!-- AddThis Share Buttons generic via filter on the_content -->","protected":false},"excerpt":{"rendered":"<p>[vc_row][vc_column][vc_column_text][\/vc_column_text][vc_empty_space][\/vc_column][\/vc_row][vc_row][vc_column width=&#8221;2\/3&#8243;][vc_column_text] Participan: Ver\u00f3nica Aranda, \u00c1ngela \u00c1lvarez S\u00e1ez, Ruth Llana y Miriam Reyes Presenta: Graciela Ar\u00e1oz [\/vc_column_text][\/vc_column][vc_column width=&#8221;1\/3&#8243; css=&#8221;.vc_custom_1637100355260{background-color: #f2f2f2 !important;}&#8221;][vc_icon icon_fontawesome=&#8221;fas fa-rss&#8221; color=&#8221;juicy_pink&#8221; size=&#8221;lg&#8221;][vc_empty_space][\/vc_column][\/vc_row]<!-- AddThis Advanced Settings generic via filter on get_the_excerpt --><!-- AddThis Share Buttons generic via filter on get_the_excerpt --><\/p>\n","protected":false},"author":249,"featured_media":9279,"comment_status":"closed","ping_status":"closed","template":"","meta":{"_tribe_events_status":"","_tribe_events_status_reason":""},"tags":[],"tribe_events_cat":[99,101],"_links":{"self":[{"href":"https:\/\/festivalpoesiabsas.com.ar\/festivales-anteriores\/index.php?rest_route=\/wp\/v2\/tribe_events\/9138"}],"collection":[{"href":"https:\/\/festivalpoesiabsas.com.ar\/festivales-anteriores\/index.php?rest_route=\/wp\/v2\/tribe_events"}],"about":[{"href":"https:\/\/festivalpoesiabsas.com.ar\/festivales-anteriores\/index.php?rest_route=\/wp\/v2\/types\/tribe_events"}],"author":[{"embeddable":true,"href":"https:\/\/festivalpoesiabsas.com.ar\/festivales-anteriores\/index.php?rest_route=\/wp\/v2\/users\/249"}],"replies":[{"embeddable":true,"href":"https:\/\/festivalpoesiabsas.com.ar\/festivales-anteriores\/index.php?rest_route=%2Fwp%2Fv2%2Fcomments&post=9138"}],"version-history":[{"count":9,"href":"https:\/\/festivalpoesiabsas.com.ar\/festivales-anteriores\/index.php?rest_route=\/wp\/v2\/tribe_events\/9138\/revisions"}],"predecessor-version":[{"id":9427,"href":"https:\/\/festivalpoesiabsas.com.ar\/festivales-anteriores\/index.php?rest_route=\/wp\/v2\/tribe_events\/9138\/revisions\/9427"}],"wp:featuredmedia":[{"embeddable":true,"href":"https:\/\/festivalpoesiabsas.com.ar\/festivales-anteriores\/index.php?rest_route=\/wp\/v2\/media\/9279"}],"wp:attachment":[{"href":"https:\/\/festivalpoesiabsas.com.ar\/festivales-anteriores\/index.php?rest_route=%2Fwp%2Fv2%2Fmedia&parent=9138"}],"wp:term":[{"taxonomy":"post_tag","embeddable":true,"href":"https:\/\/festivalpoesiabsas.com.ar\/festivales-anteriores\/index.php?rest_route=%2Fwp%2Fv2%2Ftags&post=9138"},{"taxonomy":"tribe_events_cat","embeddable":true,"href":"https:\/\/festivalpoesiabsas.com.ar\/festivales-anteriores\/index.php?rest_route=%2Fwp%2Fv2%2Ftribe_events_cat&post=9138"}],"curies":[{"name":"wp","href":"https:\/\/api.w.org\/{rel}","templated":true}]}}

España: Voces entrelazadas

<div class="wpb-content-wrapper"><p>[vc_row][vc_column][vc_column_text]<img loading="lazy" decoding="async" class="alignnone size-full wp-image-9279" src="https://festivalpoesiabsas.com.ar/festivales-anteriores/wp-content/uploads/2021/11/espana.jpg" alt="" width="1000" height="493" srcset="https://festivalpoesiabsas.com.ar/festivales-anteriores/wp-content/uploads/2021/11/espana.jpg 1000w, https://festivalpoesiabsas.com.ar/festivales-anteriores/wp-content/uploads/2021/11/espana-300x148.jpg 300w, https://festivalpoesiabsas.com.ar/festivales-anteriores/wp-content/uploads/2021/11/espana-768x379.jpg 768w" sizes="(max-width: 1000px) 100vw, 1000px" />[/vc_column_text][vc_empty_space][/vc_column][/vc_row][vc_row][vc_column width=&#8221;2/3&#8243;][vc_column_text]</p>
<p class="p2"><span class="s1"><b>Participan: </b></span></p>
<p class="p3"><span class="s1"><a href="https://festivalpoesiabsas.com.ar/festivales-anteriores/?team=veronica-aranda">Verónica Aranda</a>, <a href="https://festivalpoesiabsas.com.ar/festivales-anteriores/?team=angela-alvarez-saez">Ángela Álvarez Sáez</a>, <a href="https://festivalpoesiabsas.com.ar/festivales-anteriores/?team=ruth-llana">Ruth Llana</a> y <a href="https://festivalpoesiabsas.com.ar/festivales-anteriores/?team=miriam-reyes">Miriam Reyes </a></span></p>
<p class="p3"><span class="s1"><b>Presenta: </b>Graciela Aráoz</span></p>
<p>[/vc_column_text][/vc_column][vc_column width=&#8221;1/3&#8243; css=&#8221;.vc_custom_1637100355260{background-color: #f2f2f2 !important;}&#8221;][vc_icon icon_fontawesome=&#8221;fas fa-rss&#8221; color=&#8221;juicy_pink&#8221; size=&#8221;lg&#8221;]<h1 class="sc_title sc_title_regular margin_top_null margin_bottom_tiny"><strong><span style="font-size: 18pt;">Seguilo online</span></strong></h1><a href="https://www.youtube.com/watch?v=DUXYsHHw27k" target="blank" class="sc_button sc_button_square sc_button_style_filled sc_button_size_medium" style="color:#ffffff;">Ingresar</a>[vc_empty_space][/vc_column][/vc_row]</p>
</div><!-- AddThis Advanced Settings generic via filter on the_content --><!-- AddThis Share Buttons generic via filter on the_content -->

<p>[vc_row][vc_column][vc_column_text][/vc_column_text][vc_empty_space][/vc_column][/vc_row][vc_row][vc_column width=&#8221;2/3&#8243;][vc_column_text] Participan: Verónica Aranda, Ángela Álvarez Sáez, Ruth Llana y Miriam Reyes Presenta: Graciela Aráoz [/vc_column_text][/vc_column][vc_column width=&#8221;1/3&#8243; css=&#8221;.vc_custom_1637100355260{background-color: #f2f2f2 !important;}&#8221;][vc_icon icon_fontawesome=&#8221;fas fa-rss&#8221; color=&#8221;juicy_pink&#8221; size=&#8221;lg&#8221;][vc_empty_space][/vc_column][/vc_row]<!-- AddThis Advanced Settings generic via filter on get_the_excerpt --><!-- AddThis Share Buttons generic via filter on get_the_excerpt --></p>
