{"id":9019,"date":"2021-10-05T12:49:32","date_gmt":"2021-10-05T15:49:32","guid":{"rendered":"https:\/\/festivalpoesiabsas.com.ar\/festivales-anteriores\/?post_type=tribe_events&#038;p=9019"},"modified":"2021-10-29T17:09:23","modified_gmt":"2021-10-29T20:09:23","slug":"huella-sonora","status":"publish","type":"tribe_events","link":"https:\/\/festivalpoesiabsas.com.ar\/festivales-anteriores\/?tribe_events=huella-sonora","title":{"rendered":"Huella sonora"},"content":{"rendered":"<div class=\"wpb-content-wrapper\"><p>[vc_row][vc_column][vc_single_image image=&#8221;8935&#8243; img_size=&#8221;full&#8221; alignment=&#8221;center&#8221; css=&#8221;.vc_custom_1633448825600{margin-bottom: 50px !important;}&#8221;][\/vc_column][\/vc_row][vc_row css=&#8221;.vc_custom_1633448169693{margin-bottom: 60px !important;border-bottom-width: 50px !important;padding-top: 50px !important;}&#8221;][vc_column width=&#8221;2\/3&#8243;][vc_column_text css=&#8221;.vc_custom_1634594546678{margin-bottom: 60px !important;}&#8221;]<strong>Taller Inclusivo<\/strong><\/p>\n<p><span style=\"font-weight: 400;\">\u00a0<\/span><\/p>\n<p><span style=\"font-weight: 400;\">Esta propuesta tiene como principal objetivo la inclusi\u00f3n y el despertar de los sentidos ante un mismo est\u00edmulo.<\/span><\/p>\n<p><span style=\"font-weight: 400;\">Est\u00e1 orientado en especial a personas con deficiencias de atenci\u00f3n, hipoac\u00fasicas y a todo aquel interesado en participar.<\/span><\/p>\n<p><span style=\"font-weight: 400;\">\u00a0<\/span><\/p>\n<p><span style=\"font-weight: 400;\">\u00a0<\/span><\/p>\n<p><span style=\"font-weight: 400;\">\u00a0<\/span><\/p>\n<p><b>Metodolog\u00eda<\/b><\/p>\n<p><b>\u00a0<\/b><\/p>\n<p><span style=\"font-weight: 400;\">La tallerista llevar\u00e1 elementos como bastidores y explorar\u00e1n los distintos efectos sonoros a trav\u00e9s de la materialidad de un objeto escult\u00f3rico construido para apreciar distintos sentidos.<\/span><\/p>\n<p>&nbsp;<\/p>\n<p><span style=\"font-weight: 400;\">Con elementos art\u00edsticos se promueve la estimulaci\u00f3n sensorial, la atenci\u00f3n y un espacio en el que a trav\u00e9s del arte, todos somos \u00fanicos y diferentes.<\/span><\/p>\n<p><span style=\"font-weight: 400;\">\u00a0<\/span><\/p>\n<p><span style=\"font-weight: 400;\">\u00a0<\/span><\/p>\n<p><em><strong>Cupo de participantes: 30<\/strong><\/em><\/p>\n<p><span style=\"font-weight: 400;\">\u00a0<\/span><\/p>\n<p><span style=\"font-weight: 400;\">\u00a0<\/span><\/p>\n<p><span style=\"font-weight: 400;\">Informes:\u00a0<\/span><a href=\"mailto:escuela@festivalpoesiabsas.com.ar\"><span style=\"font-weight: 400;\">escuela@festivalpoesiabsas.com.ar<\/span><\/a><\/p>\n<p><span style=\"font-weight: 400;\">\u00a0<\/span><\/p>\n<p><b>Contacto FUNDAI<\/b><\/p>\n<p><span style=\"font-weight: 400;\">Web:\u00a0 <\/span><a href=\"https:\/\/fundai.org\/\"><span style=\"font-weight: 400;\">https:\/\/fundai.org\/<\/span><\/a>[\/vc_column_text][vc_single_image image=&#8221;9107&#8243; img_size=&#8221;full&#8221;][\/vc_column][vc_column width=&#8221;1\/3&#8243; css=&#8221;.vc_custom_1633448133720{border-bottom-width: 30px !important;padding-right: 30px !important;padding-left: 30px !important;background-color: #5ad8f4 !important;}&#8221;][vc_column_text css=&#8221;.vc_custom_1633448801845{margin-top: 0px !important;padding-top: 0px !important;}&#8221;]<\/p>\n<h2>Tallerista<\/h2>\n<p>[\/vc_column_text][vc_single_image image=&#8221;8874&#8243; img_size=&#8221;full&#8221; style=&#8221;vc_box_circle&#8221; onclick=&#8221;custom_link&#8221; link=&#8221;?team=marcela-santanton&#8221;][vc_column_text css=&#8221;.vc_custom_1633448920106{margin-top: 0px !important;padding-top: 0px !important;}&#8221;]<\/p>\n<h3 style=\"text-align: center;\">Marcela Santant\u00f3n<\/h3>\n<p>[\/vc_column_text][\/vc_column][\/vc_row]<\/p>\n<\/div><!-- AddThis Advanced Settings generic via filter on the_content --><!-- AddThis Share Buttons generic via filter on the_content -->","protected":false},"excerpt":{"rendered":"<p>[vc_row][vc_column][vc_single_image image=&#8221;8935&#8243; img_size=&#8221;full&#8221; alignment=&#8221;center&#8221; css=&#8221;.vc_custom_1633448825600{margin-bottom: 50px !important;}&#8221;][\/vc_column][\/vc_row][vc_row css=&#8221;.vc_custom_1633448169693{margin-bottom: 60px !important;border-bottom-width: 50px !important;padding-top: 50px !important;}&#8221;][vc_column width=&#8221;2\/3&#8243;][vc_column_text css=&#8221;.vc_custom_1634594546678{margin-bottom: 60px !important;}&#8221;]Taller Inclusivo \u00a0 Esta propuesta tiene como principal objetivo la inclusi\u00f3n y el [&hellip;]<!-- AddThis Advanced Settings generic via filter on get_the_excerpt --><!-- AddThis Share Buttons generic via filter on get_the_excerpt --><\/p>\n","protected":false},"author":1,"featured_media":8935,"comment_status":"closed","ping_status":"closed","template":"","meta":{"_tribe_events_status":"","_tribe_events_status_reason":""},"tags":[],"tribe_events_cat":[100,99],"_links":{"self":[{"href":"https:\/\/festivalpoesiabsas.com.ar\/festivales-anteriores\/index.php?rest_route=\/wp\/v2\/tribe_events\/9019"}],"collection":[{"href":"https:\/\/festivalpoesiabsas.com.ar\/festivales-anteriores\/index.php?rest_route=\/wp\/v2\/tribe_events"}],"about":[{"href":"https:\/\/festivalpoesiabsas.com.ar\/festivales-anteriores\/index.php?rest_route=\/wp\/v2\/types\/tribe_events"}],"author":[{"embeddable":true,"href":"https:\/\/festivalpoesiabsas.com.ar\/festivales-anteriores\/index.php?rest_route=\/wp\/v2\/users\/1"}],"replies":[{"embeddable":true,"href":"https:\/\/festivalpoesiabsas.com.ar\/festivales-anteriores\/index.php?rest_route=%2Fwp%2Fv2%2Fcomments&post=9019"}],"version-history":[{"count":7,"href":"https:\/\/festivalpoesiabsas.com.ar\/festivales-anteriores\/index.php?rest_route=\/wp\/v2\/tribe_events\/9019\/revisions"}],"predecessor-version":[{"id":9111,"href":"https:\/\/festivalpoesiabsas.com.ar\/festivales-anteriores\/index.php?rest_route=\/wp\/v2\/tribe_events\/9019\/revisions\/9111"}],"wp:featuredmedia":[{"embeddable":true,"href":"https:\/\/festivalpoesiabsas.com.ar\/festivales-anteriores\/index.php?rest_route=\/wp\/v2\/media\/8935"}],"wp:attachment":[{"href":"https:\/\/festivalpoesiabsas.com.ar\/festivales-anteriores\/index.php?rest_route=%2Fwp%2Fv2%2Fmedia&parent=9019"}],"wp:term":[{"taxonomy":"post_tag","embeddable":true,"href":"https:\/\/festivalpoesiabsas.com.ar\/festivales-anteriores\/index.php?rest_route=%2Fwp%2Fv2%2Ftags&post=9019"},{"taxonomy":"tribe_events_cat","embeddable":true,"href":"https:\/\/festivalpoesiabsas.com.ar\/festivales-anteriores\/index.php?rest_route=%2Fwp%2Fv2%2Ftribe_events_cat&post=9019"}],"curies":[{"name":"wp","href":"https:\/\/api.w.org\/{rel}","templated":true}]}}

<div class="wpb-content-wrapper"><p>[vc_row][vc_column][vc_single_image image=&#8221;8935&#8243; img_size=&#8221;full&#8221; alignment=&#8221;center&#8221; css=&#8221;.vc_custom_1633448825600{margin-bottom: 50px !important;}&#8221;][/vc_column][/vc_row][vc_row css=&#8221;.vc_custom_1633448169693{margin-bottom: 60px !important;border-bottom-width: 50px !important;padding-top: 50px !important;}&#8221;][vc_column width=&#8221;2/3&#8243;][vc_column_text css=&#8221;.vc_custom_1634594546678{margin-bottom: 60px !important;}&#8221;]<strong>Taller Inclusivo</strong></p>
<p><span style="font-weight: 400;"> </span></p>
<p><span style="font-weight: 400;">Esta propuesta tiene como principal objetivo la inclusión y el despertar de los sentidos ante un mismo estímulo.</span></p>
<p><span style="font-weight: 400;">Está orientado en especial a personas con deficiencias de atención, hipoacúsicas y a todo aquel interesado en participar.</span></p>
<p><span style="font-weight: 400;"> </span></p>
<p><span style="font-weight: 400;"> </span></p>
<p><span style="font-weight: 400;"> </span></p>
<p><b>Metodología</b></p>
<p><b> </b></p>
<p><span style="font-weight: 400;">La tallerista llevará elementos como bastidores y explorarán los distintos efectos sonoros a través de la materialidad de un objeto escultórico construido para apreciar distintos sentidos.</span></p>
<p>&nbsp;</p>
<p><span style="font-weight: 400;">Con elementos artísticos se promueve la estimulación sensorial, la atención y un espacio en el que a través del arte, todos somos únicos y diferentes.</span></p>
<p><span style="font-weight: 400;"> </span></p>
<p><span style="font-weight: 400;"> </span></p>
<p><em><strong>Cupo de participantes: 30</strong></em></p>
<p><span style="font-weight: 400;"> </span></p>
<p><span style="font-weight: 400;"> </span></p>
<p><span style="font-weight: 400;">Informes: </span><a href="mailto:escuela@festivalpoesiabsas.com.ar"><span style="font-weight: 400;">escuela@festivalpoesiabsas.com.ar</span></a></p>
<p><span style="font-weight: 400;"> </span></p>
<p><b>Contacto FUNDAI</b></p>
<p><span style="font-weight: 400;">Web:  </span><a href="https://fundai.org/"><span style="font-weight: 400;">https://fundai.org/</span></a>[/vc_column_text][vc_single_image image=&#8221;9107&#8243; img_size=&#8221;full&#8221;][/vc_column][vc_column width=&#8221;1/3&#8243; css=&#8221;.vc_custom_1633448133720{border-bottom-width: 30px !important;padding-right: 30px !important;padding-left: 30px !important;background-color: #5ad8f4 !important;}&#8221;][vc_column_text css=&#8221;.vc_custom_1633448801845{margin-top: 0px !important;padding-top: 0px !important;}&#8221;]</p>
<h2>Tallerista</h2>
<p>[/vc_column_text][vc_single_image image=&#8221;8874&#8243; img_size=&#8221;full&#8221; style=&#8221;vc_box_circle&#8221; onclick=&#8221;custom_link&#8221; link=&#8221;?team=marcela-santanton&#8221;][vc_column_text css=&#8221;.vc_custom_1633448920106{margin-top: 0px !important;padding-top: 0px !important;}&#8221;]</p>
<h3 style="text-align: center;">Marcela Santantón</h3>
<p>[/vc_column_text][/vc_column][/vc_row]</p>
</div><!-- AddThis Advanced Settings generic via filter on the_content --><!-- AddThis Share Buttons generic via filter on the_content -->

<p>[vc_row][vc_column][vc_single_image image=&#8221;8935&#8243; img_size=&#8221;full&#8221; alignment=&#8221;center&#8221; css=&#8221;.vc_custom_1633448825600{margin-bottom: 50px !important;}&#8221;][/vc_column][/vc_row][vc_row css=&#8221;.vc_custom_1633448169693{margin-bottom: 60px !important;border-bottom-width: 50px !important;padding-top: 50px !important;}&#8221;][vc_column width=&#8221;2/3&#8243;][vc_column_text css=&#8221;.vc_custom_1634594546678{margin-bottom: 60px !important;}&#8221;]Taller Inclusivo   Esta propuesta tiene como principal objetivo la inclusión y el [&hellip;]<!-- AddThis Advanced Settings generic via filter on get_the_excerpt --><!-- AddThis Share Buttons generic via filter on get_the_excerpt --></p>
