{"id":5393,"date":"2017-05-22T18:08:17","date_gmt":"2017-05-22T21:08:17","guid":{"rendered":"https:\/\/festivalpoesiabsas.com.ar\/festivales-anteriores\/?post_type=tribe_events&#038;p=5393"},"modified":"2017-06-01T12:49:56","modified_gmt":"2017-06-01T15:49:56","slug":"argentina-se-escribe-entre-todas-las-lenguas","status":"publish","type":"tribe_events","link":"https:\/\/festivalpoesiabsas.com.ar\/festivales-anteriores\/?tribe_events=argentina-se-escribe-entre-todas-las-lenguas","title":{"rendered":"Argentina  se escribe entre todas las  lenguas"},"content":{"rendered":"<p><strong><em>Cierre del Festival.<\/em><\/strong><\/p>\n<p>Lectura de todos los poetas participantes del XII FIP.<\/p>\n<p><strong>Espect\u00e1culo<\/strong>: <em>Cuando la poes\u00eda se convierte en m\u00fasica, <\/em>por el cantante, compositor brasile\u00f1o <a href=\"https:\/\/festivalpoesiabsas.com.ar\/festivales-anteriores\/?team=di-ramos-sergio\">S\u00e9rgio Di Ramos<\/a>.<\/p>\n<p><strong>Performance<\/strong>: <em>Canciones,<\/em> por\u00a0<a href=\"https:\/\/festivalpoesiabsas.com.ar\/festivales-anteriores\/?team=umpi-dani\">Dani Umpi <\/a>(Uruguay) y <em>Poemas dominicales favoritos<\/em>, por\u00a0<a href=\"https:\/\/festivalpoesiabsas.com.ar\/festivales-anteriores\/?team=dominguez-nicolas\">Nicol\u00e1s Dom\u00ednguez Bedini<\/a> ( CABA).<\/p>\n<p><strong>Anfitriones de la gala<\/strong>: Graciela Ar\u00e1oz y Mirtha Hortas.<\/p>\n<p>&nbsp;<\/p>\n<p>&nbsp;<\/p>\n<p><span style=\"color: #485860;\"><strong>Informes:<\/strong><\/span><\/p>\n<p><span style=\"color: #485860;\"><strong>SEA-Sociedad de Escritoras y escritores de la Argentina<\/strong><\/span><\/p>\n<p><a href=\"mailto:administracion@lasea.org.ar\">administracion@lasea.org.ar<\/a><\/p>\n<p><span style=\"color: #485860;\">Tel. 4864 8101<\/span><br \/>\n<span style=\"color: #485860;\"><em>De lunes a viernes de 15 a 19 hs.<\/em><\/span><\/p>\n<p>&nbsp;<\/p>\n<!-- AddThis Advanced Settings generic via filter on the_content --><!-- AddThis Share Buttons generic via filter on the_content -->","protected":false},"excerpt":{"rendered":"<p>Cierre del Festival. Lectura de todos los poetas participantes del XII FIP. Espect\u00e1culo: Cuando la poes\u00eda se convierte en m\u00fasica, por el cantante, compositor brasile\u00f1o S\u00e9rgio Di Ramos. Performance: Canciones, [&hellip;]<!-- AddThis Advanced Settings generic via filter on get_the_excerpt --><!-- AddThis Share Buttons generic via filter on get_the_excerpt --><\/p>\n","protected":false},"author":1,"featured_media":5490,"comment_status":"open","ping_status":"closed","template":"","meta":{"_tribe_events_status":"","_tribe_events_status_reason":""},"tags":[],"tribe_events_cat":[45,47],"_links":{"self":[{"href":"https:\/\/festivalpoesiabsas.com.ar\/festivales-anteriores\/index.php?rest_route=\/wp\/v2\/tribe_events\/5393"}],"collection":[{"href":"https:\/\/festivalpoesiabsas.com.ar\/festivales-anteriores\/index.php?rest_route=\/wp\/v2\/tribe_events"}],"about":[{"href":"https:\/\/festivalpoesiabsas.com.ar\/festivales-anteriores\/index.php?rest_route=\/wp\/v2\/types\/tribe_events"}],"author":[{"embeddable":true,"href":"https:\/\/festivalpoesiabsas.com.ar\/festivales-anteriores\/index.php?rest_route=\/wp\/v2\/users\/1"}],"replies":[{"embeddable":true,"href":"https:\/\/festivalpoesiabsas.com.ar\/festivales-anteriores\/index.php?rest_route=%2Fwp%2Fv2%2Fcomments&post=5393"}],"version-history":[{"count":9,"href":"https:\/\/festivalpoesiabsas.com.ar\/festivales-anteriores\/index.php?rest_route=\/wp\/v2\/tribe_events\/5393\/revisions"}],"predecessor-version":[{"id":5585,"href":"https:\/\/festivalpoesiabsas.com.ar\/festivales-anteriores\/index.php?rest_route=\/wp\/v2\/tribe_events\/5393\/revisions\/5585"}],"wp:featuredmedia":[{"embeddable":true,"href":"https:\/\/festivalpoesiabsas.com.ar\/festivales-anteriores\/index.php?rest_route=\/wp\/v2\/media\/5490"}],"wp:attachment":[{"href":"https:\/\/festivalpoesiabsas.com.ar\/festivales-anteriores\/index.php?rest_route=%2Fwp%2Fv2%2Fmedia&parent=5393"}],"wp:term":[{"taxonomy":"post_tag","embeddable":true,"href":"https:\/\/festivalpoesiabsas.com.ar\/festivales-anteriores\/index.php?rest_route=%2Fwp%2Fv2%2Ftags&post=5393"},{"taxonomy":"tribe_events_cat","embeddable":true,"href":"https:\/\/festivalpoesiabsas.com.ar\/festivales-anteriores\/index.php?rest_route=%2Fwp%2Fv2%2Ftribe_events_cat&post=5393"}],"curies":[{"name":"wp","href":"https:\/\/api.w.org\/{rel}","templated":true}]}}

<p><strong><em>Cierre del Festival.</em></strong></p>
<p>Lectura de todos los poetas participantes del XII FIP.</p>
<p><strong>Espectáculo</strong>: <em>Cuando la poesía se convierte en música, </em>por el cantante, compositor brasileño <a href="https://festivalpoesiabsas.com.ar/festivales-anteriores/?team=di-ramos-sergio">Sérgio Di Ramos</a>.</p>
<p><strong>Performance</strong>: <em>Canciones,</em> por <a href="https://festivalpoesiabsas.com.ar/festivales-anteriores/?team=umpi-dani">Dani Umpi </a>(Uruguay) y <em>Poemas dominicales favoritos</em>, por <a href="https://festivalpoesiabsas.com.ar/festivales-anteriores/?team=dominguez-nicolas">Nicolás Domínguez Bedini</a> ( CABA).</p>
<p><strong>Anfitriones de la gala</strong>: Graciela Aráoz y Mirtha Hortas.</p>
<p>&nbsp;</p>
<p>&nbsp;</p>
<p><span style="color: #485860;"><strong>Informes:</strong></span></p>
<p><span style="color: #485860;"><strong>SEA-Sociedad de Escritoras y escritores de la Argentina</strong></span></p>
<p><a href="mailto:administracion@lasea.org.ar">administracion@lasea.org.ar</a></p>
<p><span style="color: #485860;">Tel. 4864 8101</span><br />
<span style="color: #485860;"><em>De lunes a viernes de 15 a 19 hs.</em></span></p>
<p>&nbsp;</p>
<!-- AddThis Advanced Settings generic via filter on the_content --><!-- AddThis Share Buttons generic via filter on the_content -->

<p>Cierre del Festival. Lectura de todos los poetas participantes del XII FIP. Espectáculo: Cuando la poesía se convierte en música, por el cantante, compositor brasileño Sérgio Di Ramos. Performance: Canciones, [&hellip;]<!-- AddThis Advanced Settings generic via filter on get_the_excerpt --><!-- AddThis Share Buttons generic via filter on get_the_excerpt --></p>
