{"id":9,"date":"2013-04-12T13:46:16","date_gmt":"2013-04-12T16:46:16","guid":{"rendered":"https:\/\/festivalpoesiabsas.com.ar\/festivales-anteriores\/?page_id=9"},"modified":"2020-05-07T14:05:12","modified_gmt":"2020-05-07T17:05:12","slug":"espiritu-del-festival","status":"publish","type":"page","link":"https:\/\/festivalpoesiabsas.com.ar\/festivales-anteriores\/?page_id=9","title":{"rendered":"Esp\u00edritu del festival 2016"},"content":{"rendered":"<p><strong>XI FIP, FESTIVAL INTERNACIONAL DE POESIA DE BUENOS AIRES<\/strong><br \/>\nEn el CCK y en espacios de la ciudad<\/p>\n<p><em><span style=\"color: #999966;\">\u201cEl artista existe porque el mundo no es perfecto. El arte no ser\u00eda \u00fatil si el mundo fuera perfecto, as\u00ed como el hombre no buscar\u00eda la armon\u00eda si simplemente viviera en ella. El arte naci\u00f3 de un mundo que ha sido dise\u00f1ado enfermo.\u201d<\/span><\/em><br \/>\n<em><strong><span style=\"color: #999966;\"> [Andr\u00e9i Tarkovski, cineasta ruso]<\/span><\/strong><\/em><br \/>\n<a href=\"https:\/\/festivalpoesiabsas.com.ar\/festivales-anteriores\/wp-content\/uploads\/linea_n1.jpg\"><img loading=\"lazy\" decoding=\"async\" class=\"alignleft size-full wp-image-598\" src=\"https:\/\/festivalpoesiabsas.com.ar\/festivales-anteriores\/wp-content\/uploads\/linea_n1.jpg\" alt=\"linea_n\" width=\"621\" height=\"9\" srcset=\"https:\/\/festivalpoesiabsas.com.ar\/festivales-anteriores\/wp-content\/uploads\/linea_n1.jpg 621w, https:\/\/festivalpoesiabsas.com.ar\/festivales-anteriores\/wp-content\/uploads\/linea_n1-300x4.jpg 300w\" sizes=\"(max-width: 621px) 100vw, 621px\" \/><\/a><\/p>\n<p>Esta XI edici\u00f3n del Festival Internacional de Poes\u00eda de Buenos Aires se complace en recibir a poetas de nuestra Argentina y de pa\u00edses como Bolivia, Chile, M\u00e9xico, Brasil, Portugal, Espa\u00f1a, Italia, Canad\u00e1, Dinamarca, Holanda, Suecia, Turqu\u00eda, Jap\u00f3n, Corea del Sur, India y la participaci\u00f3n, por primera vez, de Rusia y de L\u00edbano.<\/p>\n<p>La XIa edici\u00f3n est\u00e1 dedicada a uno de los autores m\u00e1s destacados de la literatura del siglo XX, Jorge Luis Borges, al coincidir con su muerte, hace 30 a\u00f1os, un 14 de Junio de 1986.<\/p>\n<p>\u201cLa poes\u00eda no son los libros en la biblioteca\u201d, dijo Borges. La poes\u00eda es el encuentro del lector con el poema. Y detr\u00e1s de ese poema hay un poeta que lo concibe, lo descubre, lo inventa, o quiz\u00e1s lo \u2018recuerda\u2019. En estos festivales poeta y poema se nos presentan juntos, vivos y palpitantes, y nosotros como lectores-oyentes presenciamos esa creaci\u00f3n.<\/p>\n<p>En este encuentro po\u00e9tico se produce tambi\u00e9n la magia que es la integraci\u00f3n de la poes\u00eda con otras artes y con otras maneras de decir el poema.<\/p>\n<p>Gracias a cada una\/o de los poetas y artistas que nos acompa\u00f1an por la colaboraci\u00f3n y el entusiasmo que han puesto. Sus distintas tonadas e idiomas dise\u00f1ar\u00e1n el laberinto, tan al gusto de Borges, en el que en estos d\u00edas nos perderemos y reencontraremos guiados por el hilo de oro de la poes\u00eda en sus m\u00faltiples apariciones.<\/p>\n<p><strong><span style=\"color: #999966;\">L\u00cdMITES<\/span><\/strong><br \/>\n<em><span style=\"color: #999966;\">por Jorge Luis Borges<\/span><\/em><\/p>\n<p><span style=\"color: #999966;\"><em>De estas calles que ahondan el poniente,<\/em><br \/>\n<em> una habr\u00e1 (no s\u00e9 cu\u00e1l) que he recorrido<\/em><br \/>\n<em> ya por \u00faltima vez, indiferente<\/em><br \/>\n<em> y sin adivinarlo, sometido<\/em><br \/>\n<em> a quien prefija omnipotentes normas<\/em><br \/>\n<em> y una secreta y r\u00edgida medida<\/em><br \/>\n<em> a las sombras, los sue\u00f1os y las formas<\/em><br \/>\n<em> que destejen y tejen esta vida.<\/em><br \/>\n<em> Si para todo hay t\u00e9rmino y hay tasa<\/em><br \/>\n<em> y \u00faltima vez y nunca m\u00e1s y olvido<\/em><br \/>\n<em> \u00bfQui\u00e9n nos dir\u00e1 de qui\u00e9n, en esta casa,<\/em><br \/>\n<em> sin saberlo, nos hemos despedido?<\/em><br \/>\n<em> Tras el cristal ya gris la noche cesa<\/em><br \/>\n<em> y del alto de libros que una trunca<\/em><br \/>\n<em> sombra dilata por la vaga mesa,<\/em><br \/>\n<em> alguno habr\u00e1 que no leeremos nunca.<\/em><br \/>\n<em> Hay en el Sur m\u00e1s de un port\u00f3n gastado<\/em><br \/>\n<em> con sus jarrones de mamposter\u00eda<\/em><br \/>\n<em> y tunas, que a mi paso est\u00e1 vedado<\/em><br \/>\n<em> como si fuera una litograf\u00eda.<\/em><br \/>\n<em> Para siempre cerraste alguna puerta<\/em><br \/>\n<em> y hay un espejo que te aguarda en vano;<\/em><br \/>\n<em> la encrucijada te parece abierta<\/em><br \/>\n<em> y la vigila, cuadrifronte, Jano<\/em> <\/span><\/p>\n<!-- AddThis Advanced Settings generic via filter on the_content --><!-- AddThis Share Buttons generic via filter on the_content -->","protected":false},"excerpt":{"rendered":"<p>XI FIP, FESTIVAL INTERNACIONAL DE POESIA DE BUENOS AIRES En el CCK y en espacios de la ciudad \u201cEl artista existe porque el mundo no es perfecto. El arte no [&hellip;]<!-- AddThis Advanced Settings generic via filter on get_the_excerpt --><!-- AddThis Share Buttons generic via filter on get_the_excerpt --><\/p>\n","protected":false},"author":1,"featured_media":0,"parent":0,"menu_order":0,"comment_status":"closed","ping_status":"closed","template":"","meta":{"footnotes":""},"_links":{"self":[{"href":"https:\/\/festivalpoesiabsas.com.ar\/festivales-anteriores\/index.php?rest_route=\/wp\/v2\/pages\/9"}],"collection":[{"href":"https:\/\/festivalpoesiabsas.com.ar\/festivales-anteriores\/index.php?rest_route=\/wp\/v2\/pages"}],"about":[{"href":"https:\/\/festivalpoesiabsas.com.ar\/festivales-anteriores\/index.php?rest_route=\/wp\/v2\/types\/page"}],"author":[{"embeddable":true,"href":"https:\/\/festivalpoesiabsas.com.ar\/festivales-anteriores\/index.php?rest_route=\/wp\/v2\/users\/1"}],"replies":[{"embeddable":true,"href":"https:\/\/festivalpoesiabsas.com.ar\/festivales-anteriores\/index.php?rest_route=%2Fwp%2Fv2%2Fcomments&post=9"}],"version-history":[{"count":27,"href":"https:\/\/festivalpoesiabsas.com.ar\/festivales-anteriores\/index.php?rest_route=\/wp\/v2\/pages\/9\/revisions"}],"predecessor-version":[{"id":5483,"href":"https:\/\/festivalpoesiabsas.com.ar\/festivales-anteriores\/index.php?rest_route=\/wp\/v2\/pages\/9\/revisions\/5483"}],"wp:attachment":[{"href":"https:\/\/festivalpoesiabsas.com.ar\/festivales-anteriores\/index.php?rest_route=%2Fwp%2Fv2%2Fmedia&parent=9"}],"curies":[{"name":"wp","href":"https:\/\/api.w.org\/{rel}","templated":true}]}}

Espíritu del festival 2016

<p><strong>XI FIP, FESTIVAL INTERNACIONAL DE POESIA DE BUENOS AIRES</strong><br />
En el CCK y en espacios de la ciudad</p>
<p><em><span style="color: #999966;">“El artista existe porque el mundo no es perfecto. El arte no sería útil si el mundo fuera perfecto, así como el hombre no buscaría la armonía si simplemente viviera en ella. El arte nació de un mundo que ha sido diseñado enfermo.”</span></em><br />
<em><strong><span style="color: #999966;"> [Andréi Tarkovski, cineasta ruso]</span></strong></em><br />
<a href="https://festivalpoesiabsas.com.ar/festivales-anteriores/wp-content/uploads/linea_n1.jpg"><img loading="lazy" decoding="async" class="alignleft size-full wp-image-598" src="https://festivalpoesiabsas.com.ar/festivales-anteriores/wp-content/uploads/linea_n1.jpg" alt="linea_n" width="621" height="9" srcset="https://festivalpoesiabsas.com.ar/festivales-anteriores/wp-content/uploads/linea_n1.jpg 621w, https://festivalpoesiabsas.com.ar/festivales-anteriores/wp-content/uploads/linea_n1-300x4.jpg 300w" sizes="(max-width: 621px) 100vw, 621px" /></a></p>
<p>Esta XI edición del Festival Internacional de Poesía de Buenos Aires se complace en recibir a poetas de nuestra Argentina y de países como Bolivia, Chile, México, Brasil, Portugal, España, Italia, Canadá, Dinamarca, Holanda, Suecia, Turquía, Japón, Corea del Sur, India y la participación, por primera vez, de Rusia y de Líbano.</p>
<p>La XIa edición está dedicada a uno de los autores más destacados de la literatura del siglo XX, Jorge Luis Borges, al coincidir con su muerte, hace 30 años, un 14 de Junio de 1986.</p>
<p>“La poesía no son los libros en la biblioteca”, dijo Borges. La poesía es el encuentro del lector con el poema. Y detrás de ese poema hay un poeta que lo concibe, lo descubre, lo inventa, o quizás lo ‘recuerda’. En estos festivales poeta y poema se nos presentan juntos, vivos y palpitantes, y nosotros como lectores-oyentes presenciamos esa creación.</p>
<p>En este encuentro poético se produce también la magia que es la integración de la poesía con otras artes y con otras maneras de decir el poema.</p>
<p>Gracias a cada una/o de los poetas y artistas que nos acompañan por la colaboración y el entusiasmo que han puesto. Sus distintas tonadas e idiomas diseñarán el laberinto, tan al gusto de Borges, en el que en estos días nos perderemos y reencontraremos guiados por el hilo de oro de la poesía en sus múltiples apariciones.</p>
<p><strong><span style="color: #999966;">LÍMITES</span></strong><br />
<em><span style="color: #999966;">por Jorge Luis Borges</span></em></p>
<p><span style="color: #999966;"><em>De estas calles que ahondan el poniente,</em><br />
<em> una habrá (no sé cuál) que he recorrido</em><br />
<em> ya por última vez, indiferente</em><br />
<em> y sin adivinarlo, sometido</em><br />
<em> a quien prefija omnipotentes normas</em><br />
<em> y una secreta y rígida medida</em><br />
<em> a las sombras, los sueños y las formas</em><br />
<em> que destejen y tejen esta vida.</em><br />
<em> Si para todo hay término y hay tasa</em><br />
<em> y última vez y nunca más y olvido</em><br />
<em> ¿Quién nos dirá de quién, en esta casa,</em><br />
<em> sin saberlo, nos hemos despedido?</em><br />
<em> Tras el cristal ya gris la noche cesa</em><br />
<em> y del alto de libros que una trunca</em><br />
<em> sombra dilata por la vaga mesa,</em><br />
<em> alguno habrá que no leeremos nunca.</em><br />
<em> Hay en el Sur más de un portón gastado</em><br />
<em> con sus jarrones de mampostería</em><br />
<em> y tunas, que a mi paso está vedado</em><br />
<em> como si fuera una litografía.</em><br />
<em> Para siempre cerraste alguna puerta</em><br />
<em> y hay un espejo que te aguarda en vano;</em><br />
<em> la encrucijada te parece abierta</em><br />
<em> y la vigila, cuadrifronte, Jano</em> </span></p>
<!-- AddThis Advanced Settings generic via filter on the_content --><!-- AddThis Share Buttons generic via filter on the_content -->
