{"id":6609,"date":"2018-05-15T15:12:51","date_gmt":"2018-05-15T18:12:51","guid":{"rendered":"https:\/\/festivalpoesiabsas.com.ar\/festivales-anteriores\/?page_id=6609"},"modified":"2020-05-07T14:45:04","modified_gmt":"2020-05-07T17:45:04","slug":"programacion-2018","status":"publish","type":"page","link":"https:\/\/festivalpoesiabsas.com.ar\/festivales-anteriores\/?page_id=6609","title":{"rendered":"Programaci\u00f3n 2018"},"content":{"rendered":"<div class=\"wpb-content-wrapper\"><p>[vc_row][vc_column width=&#8221;1\/2&#8243;]<h2 class=\"sc_title sc_title_regular sc_align_left margin_top_null\" style=\"text-align:left;\">Eventos pasados<\/h2>[\/vc_column][vc_column width=&#8221;1\/2&#8243;][vc_btn title=&#8221;DESCARG\u00c1 LA PROGRAMACI\u00d3N&#8221; style=&#8221;custom&#8221; custom_background=&#8221;#f9b142&#8243; custom_text=&#8221;#ffffff&#8221; shape=&#8221;round&#8221; size=&#8221;lg&#8221; align=&#8221;right&#8221; i_icon_fontawesome=&#8221;fa fa-cloud-download&#8221; add_icon=&#8221;true&#8221; link=&#8221;url:https%3A%2F%2Ffestivalpoesiabsas.com.ar%2Ffestivales-anteriores%2Fwp-content%2Fuploads%2F2018%2F06%2Fprograma_download_3.pdf||target:%20_blank|&#8221; css=&#8221;.vc_custom_1528578518158{margin-bottom: 50px !important;}&#8221;][\/vc_column][\/vc_row][vc_row][vc_column width=&#8221;1\/4&#8243;][vc_single_image image=&#8221;6639&#8243; img_size=&#8221;full&#8221; onclick=&#8221;custom_link&#8221; link=&#8221;https:\/\/festivalpoesiabsas.com.ar\/festivales-anteriores\/?tribe_events=inauguracion&#8221;]<h4 class=\"sc_title sc_title_regular sc_align_center\" style=\"text-align:center;\">Inauguraci\u00f3n<\/h4>[\/vc_column][vc_column width=&#8221;1\/4&#8243;][vc_single_image image=&#8221;6637&#8243; img_size=&#8221;full&#8221; onclick=&#8221;custom_link&#8221; link=&#8221;https:\/\/festivalpoesiabsas.com.ar\/festivales-anteriores\/?tribe_events=poetica-tributo-a-vinicius-de-moraes-y-a-otros-poetas&#8221;]<h4 class=\"sc_title sc_title_regular sc_align_center\" style=\"text-align:center;\">Po\u00e9tica: tributo a Vin\u00edcius de Moraes y a otros poetas<\/h4>[\/vc_column][vc_column width=&#8221;1\/4&#8243;][vc_single_image image=&#8221;6638&#8243; img_size=&#8221;full&#8221; onclick=&#8221;custom_link&#8221; link=&#8221;https:\/\/festivalpoesiabsas.com.ar\/festivales-anteriores\/?tribe_events=dialogo-con-ida-vitale-y-recital-de-la-poeta&#8221;]<h4 class=\"sc_title sc_title_regular sc_align_center\" style=\"text-align:center;\">Ida Vitale: m\u00e1s all\u00e1 de la poes\u00eda<\/h4>[\/vc_column][vc_column width=&#8221;1\/4&#8243;][vc_single_image image=&#8221;6643&#8243; img_size=&#8221;full&#8221; onclick=&#8221;custom_link&#8221; link=&#8221;https:\/\/festivalpoesiabsas.com.ar\/festivales-anteriores\/?tribe_events=dajme-angel-quimera-o-demonio&#8221;]<h4 class=\"sc_title sc_title_regular sc_align_center\" style=\"text-align:center;\">Rara manera de amanierar<\/h4>[\/vc_column][\/vc_row][vc_row][vc_column width=&#8221;1\/4&#8243;][vc_single_image image=&#8221;6663&#8243; img_size=&#8221;full&#8221; onclick=&#8221;custom_link&#8221; link=&#8221;https:\/\/festivalpoesiabsas.com.ar\/festivales-anteriores\/?tribe_events=poesia-a-viva-voz-en-la-recoleta&#8221;]<h4 class=\"sc_title sc_title_regular sc_align_center\" style=\"text-align:center;\">Poes\u00eda a viva voz en la Recoleta<\/h4>[\/vc_column][vc_column width=&#8221;1\/4&#8243;][vc_single_image image=&#8221;6651&#8243; img_size=&#8221;full&#8221; onclick=&#8221;custom_link&#8221; link=&#8221;https:\/\/festivalpoesiabsas.com.ar\/festivales-anteriores\/?tribe_events=barhopping-de-copas-y-poemas-i&#8221;]<h4 class=\"sc_title sc_title_regular sc_align_center\" style=\"text-align:center;\">Barhopping, de copas y poemas<\/h4>[\/vc_column][vc_column width=&#8221;1\/4&#8243;][vc_single_image image=&#8221;6653&#8243; img_size=&#8221;full&#8221; onclick=&#8221;custom_link&#8221; link=&#8221;https:\/\/festivalpoesiabsas.com.ar\/festivales-anteriores\/?tribe_events=barhopping-de-copas-y-poemas-ii&#8221;]<h4 class=\"sc_title sc_title_regular sc_align_center\" style=\"text-align:center;\">Bar Notable Celta<\/h4>[\/vc_column][vc_column width=&#8221;1\/4&#8243;][vc_single_image image=&#8221;6655&#8243; img_size=&#8221;full&#8221; onclick=&#8221;custom_link&#8221; link=&#8221;https:\/\/festivalpoesiabsas.com.ar\/festivales-anteriores\/?tribe_events=recital-y-homenaje-a-federico-garcia-lorca-en-el-120-aniversario-de-su-nacimiento&#8221;]<h4 class=\"sc_title sc_title_regular sc_align_center\" style=\"text-align:center;\">Recital y homenaje a Federico Garc\u00eda Lorca<\/h4>[\/vc_column][\/vc_row][vc_row][vc_column width=&#8221;1\/4&#8243;][vc_single_image image=&#8221;6658&#8243; img_size=&#8221;full&#8221; onclick=&#8221;custom_link&#8221; link=&#8221;https:\/\/festivalpoesiabsas.com.ar\/festivales-anteriores\/?tribe_events=poesia-en-la-estacion-de-once&#8221;]<h4 class=\"sc_title sc_title_regular sc_align_center\" style=\"text-align:center;\">Poes\u00eda en la estaci\u00f3n<\/h4>[\/vc_column][vc_column width=&#8221;1\/4&#8243;][vc_single_image image=&#8221;6661&#8243; img_size=&#8221;full&#8221; onclick=&#8221;custom_link&#8221; link=&#8221;https:\/\/festivalpoesiabsas.com.ar\/festivales-anteriores\/?tribe_events=poetas-con-megafono-2&#8243;]<h4 class=\"sc_title sc_title_regular sc_align_center\" style=\"text-align:center;\">Poetas con meg\u00e1fono<\/h4>[\/vc_column][vc_column width=&#8221;1\/4&#8243;][vc_single_image image=&#8221;6665&#8243; img_size=&#8221;full&#8221; onclick=&#8221;custom_link&#8221; link=&#8221;https:\/\/festivalpoesiabsas.com.ar\/festivales-anteriores\/?tribe_events=escribania-dollz-se-hacen-cartas-de-amor&#8221;]<h4 class=\"sc_title sc_title_regular sc_align_center\" style=\"text-align:center;\">Escriban\u00eda Dollz, se hacen cartas de amor<\/h4>[\/vc_column][vc_column width=&#8221;1\/4&#8243;][vc_single_image image=&#8221;6670&#8243; img_size=&#8221;full&#8221; onclick=&#8221;custom_link&#8221; link=&#8221;https:\/\/festivalpoesiabsas.com.ar\/festivales-anteriores\/?tribe_events=recital-de-poesia-uno-2&#8243;]<h4 class=\"sc_title sc_title_regular sc_align_center\" style=\"text-align:center;\">Recital de poes\u00eda uno<\/h4>[\/vc_column][\/vc_row][vc_row][vc_column width=&#8221;1\/4&#8243;][vc_single_image image=&#8221;6669&#8243; img_size=&#8221;full&#8221; onclick=&#8221;custom_link&#8221; link=&#8221;https:\/\/festivalpoesiabsas.com.ar\/festivales-anteriores\/?tribe_events=recital-de-poesia-dos-2&#8243;]<h4 class=\"sc_title sc_title_regular sc_align_center\" style=\"text-align:center;\">Recital de poes\u00eda dos<\/h4>[\/vc_column][vc_column width=&#8221;1\/4&#8243;][vc_single_image image=&#8221;6668&#8243; img_size=&#8221;full&#8221; onclick=&#8221;custom_link&#8221; link=&#8221;https:\/\/festivalpoesiabsas.com.ar\/festivales-anteriores\/?tribe_events=recital-de-poesia-tres-2&#8243;]<h4 class=\"sc_title sc_title_regular sc_align_center\" style=\"text-align:center;\">Recital de poes\u00eda tres<\/h4>[\/vc_column][vc_column width=&#8221;1\/4&#8243;][vc_single_image image=&#8221;6667&#8243; img_size=&#8221;full&#8221; onclick=&#8221;custom_link&#8221; link=&#8221;https:\/\/festivalpoesiabsas.com.ar\/festivales-anteriores\/?tribe_events=recital-de-poesia-cuatro-2&#8243;]<h4 class=\"sc_title sc_title_regular sc_align_center\" style=\"text-align:center;\">Recital de poes\u00eda cuatro<\/h4>[\/vc_column][vc_column width=&#8221;1\/4&#8243;][vc_single_image image=&#8221;6676&#8243; img_size=&#8221;full&#8221; onclick=&#8221;custom_link&#8221; link=&#8221;https:\/\/festivalpoesiabsas.com.ar\/festivales-anteriores\/?tribe_events=recital-de-poesia-cinco-2&#8243;]<h4 class=\"sc_title sc_title_regular sc_align_center\" style=\"text-align:center;\">Recital de poes\u00eda\u00a0cinco<\/h4>[\/vc_column][\/vc_row][vc_row][vc_column width=&#8221;1\/4&#8243;][vc_single_image image=&#8221;6675&#8243; img_size=&#8221;full&#8221; onclick=&#8221;custom_link&#8221; link=&#8221;https:\/\/festivalpoesiabsas.com.ar\/festivales-anteriores\/?tribe_events=recital-de-poesia-seis-2&#8243;]<h4 class=\"sc_title sc_title_regular sc_align_center\" style=\"text-align:center;\">Recital de poes\u00eda\u00a0seis<\/h4>[\/vc_column][vc_column width=&#8221;1\/4&#8243;][vc_single_image image=&#8221;6680&#8243; img_size=&#8221;full&#8221; onclick=&#8221;custom_link&#8221; link=&#8221;https:\/\/festivalpoesiabsas.com.ar\/festivales-anteriores\/?tribe_events=recital-de-poesia-siete-2&#8243;]<h4 class=\"sc_title sc_title_regular sc_align_center\" style=\"text-align:center;\">Recital de poes\u00eda\u00a0siete<\/h4>[\/vc_column][vc_column width=&#8221;1\/4&#8243;][vc_single_image image=&#8221;7107&#8243; img_size=&#8221;full&#8221; onclick=&#8221;custom_link&#8221; link=&#8221;https:\/\/festivalpoesiabsas.com.ar\/festivales-anteriores\/?tribe_events=nos-otros&#8221;]<h4 class=\"sc_title sc_title_regular sc_align_center\" style=\"text-align:center;\">Nos Otros<\/h4>[\/vc_column][vc_column width=&#8221;1\/4&#8243;][vc_single_image image=&#8221;6679&#8243; img_size=&#8221;full&#8221; onclick=&#8221;custom_link&#8221; link=&#8221;https:\/\/festivalpoesiabsas.com.ar\/festivales-anteriores\/?tribe_events=recital-de-poesia-ocho&#8221;]<h4 class=\"sc_title sc_title_regular sc_align_center\" style=\"text-align:center;\">Recital de poes\u00eda\u00a0ocho<\/h4>[\/vc_column][\/vc_row][vc_row][vc_column width=&#8221;1\/4&#8243;][vc_single_image image=&#8221;6639&#8243; img_size=&#8221;full&#8221; onclick=&#8221;custom_link&#8221; link=&#8221;https:\/\/festivalpoesiabsas.com.ar\/festivales-anteriores\/?tribe_events=cierre-del-xiii-fip-hasta-luego-buenos-aires&#8221;]<h4 class=\"sc_title sc_title_regular sc_align_center\" style=\"text-align:center;\">\u00a1Hasta luego Buenos Aires!<\/h4>[\/vc_column][vc_column width=&#8221;1\/4&#8243;][\/vc_column][vc_column width=&#8221;1\/4&#8243;][\/vc_column][vc_column width=&#8221;1\/4&#8243;][\/vc_column][\/vc_row]<\/p>\n<\/div><!-- AddThis Advanced Settings generic via filter on the_content --><!-- AddThis Share Buttons generic via filter on the_content -->","protected":false},"excerpt":{"rendered":"<p>[vc_row][vc_column width=&#8221;1\/2&#8243;][\/vc_column][vc_column width=&#8221;1\/2&#8243;][vc_btn title=&#8221;DESCARG\u00c1 LA PROGRAMACI\u00d3N&#8221; style=&#8221;custom&#8221; custom_background=&#8221;#f9b142&#8243; custom_text=&#8221;#ffffff&#8221; shape=&#8221;round&#8221; size=&#8221;lg&#8221; align=&#8221;right&#8221; i_icon_fontawesome=&#8221;fa fa-cloud-download&#8221; add_icon=&#8221;true&#8221; link=&#8221;url:https%3A%2F%2Ffestivalpoesiabsas.com.ar%2Ffestivales-anteriores%2Fwp-content%2Fuploads%2F2018%2F06%2Fprograma_download_3.pdf||target:%20_blank|&#8221; css=&#8221;.vc_custom_1528578518158{margin-bottom: 50px !important;}&#8221;][\/vc_column][\/vc_row][vc_row][vc_column width=&#8221;1\/4&#8243;][vc_single_image image=&#8221;6639&#8243; img_size=&#8221;full&#8221; onclick=&#8221;custom_link&#8221; link=&#8221;https:\/\/festivalpoesiabsas.com.ar\/festivales-anteriores\/?tribe_events=inauguracion&#8221;][\/vc_column][vc_column width=&#8221;1\/4&#8243;][vc_single_image image=&#8221;6637&#8243; img_size=&#8221;full&#8221; onclick=&#8221;custom_link&#8221; link=&#8221;https:\/\/festivalpoesiabsas.com.ar\/festivales-anteriores\/?tribe_events=poetica-tributo-a-vinicius-de-moraes-y-a-otros-poetas&#8221;][\/vc_column][vc_column width=&#8221;1\/4&#8243;][vc_single_image [&hellip;]<!-- AddThis Advanced Settings generic via filter on get_the_excerpt --><!-- AddThis Share Buttons generic via filter on get_the_excerpt --><\/p>\n","protected":false},"author":1,"featured_media":0,"parent":0,"menu_order":0,"comment_status":"closed","ping_status":"closed","template":"","meta":{"footnotes":""},"_links":{"self":[{"href":"https:\/\/festivalpoesiabsas.com.ar\/festivales-anteriores\/index.php?rest_route=\/wp\/v2\/pages\/6609"}],"collection":[{"href":"https:\/\/festivalpoesiabsas.com.ar\/festivales-anteriores\/index.php?rest_route=\/wp\/v2\/pages"}],"about":[{"href":"https:\/\/festivalpoesiabsas.com.ar\/festivales-anteriores\/index.php?rest_route=\/wp\/v2\/types\/page"}],"author":[{"embeddable":true,"href":"https:\/\/festivalpoesiabsas.com.ar\/festivales-anteriores\/index.php?rest_route=\/wp\/v2\/users\/1"}],"replies":[{"embeddable":true,"href":"https:\/\/festivalpoesiabsas.com.ar\/festivales-anteriores\/index.php?rest_route=%2Fwp%2Fv2%2Fcomments&post=6609"}],"version-history":[{"count":13,"href":"https:\/\/festivalpoesiabsas.com.ar\/festivales-anteriores\/index.php?rest_route=\/wp\/v2\/pages\/6609\/revisions"}],"predecessor-version":[{"id":7225,"href":"https:\/\/festivalpoesiabsas.com.ar\/festivales-anteriores\/index.php?rest_route=\/wp\/v2\/pages\/6609\/revisions\/7225"}],"wp:attachment":[{"href":"https:\/\/festivalpoesiabsas.com.ar\/festivales-anteriores\/index.php?rest_route=%2Fwp%2Fv2%2Fmedia&parent=6609"}],"curies":[{"name":"wp","href":"https:\/\/api.w.org\/{rel}","templated":true}]}}