{"id":6086,"date":"2017-06-23T16:10:26","date_gmt":"2017-06-23T19:10:26","guid":{"rendered":"https:\/\/festivalpoesiabsas.com.ar\/festivales-anteriores\/?page_id=6086"},"modified":"2020-05-07T14:41:50","modified_gmt":"2020-05-07T17:41:50","slug":"mensajes-recibidos","status":"publish","type":"page","link":"https:\/\/festivalpoesiabsas.com.ar\/festivales-anteriores\/?page_id=6086","title":{"rendered":"Mensajes recibidos 2017"},"content":{"rendered":"<p><span style=\"color: #00ccff;\">Poetas queridas\/os: Luego que pasan los momentos, las horas, los d\u00edas va quedando ese vac\u00edo de la adrenalina compartida en cinco d\u00edas que parecen por la calidez y los abrazos, a\u00f1os. Cada uno me ha dejado en lo personal, un olor, una huella, alguna palabra, gesto, risas, y etc. etc. \u00a0Esta edici\u00f3n ha sido hermosa, siempre me parecen hermosas, pero -disculpas- pero esta ha tenido alguna impronta, a\u00fan no s\u00e9 qu\u00e9.<\/span><\/p>\n<p><span style=\"color: #00ccff;\">Quiero compartir con cada una\/o de ustedes esta bella composici\u00f3n y musicalizaci\u00f3n de mi poema &#8220;Sangre con hilos de Seda&#8221; de mi libro titulado &#8220;El protegido del Ciervo&#8221;, editorial \u00daltimo Reino, que ha realizado con tanta generosidad este compositor, m\u00fasico y poeta bahiano con el que hemos compartido estos d\u00edas, S\u00e9rgio Di Ramos. Ah\u00ed se los adjunto.<\/span><\/p>\n<p><span style=\"color: #00ccff;\">A cada una\/o les agradezco que entre todas\/os y con la calidad de poes\u00eda que integr\u00f3 este 12 \u00b0\u00a0Aleph, ya hemos llegado como mi editorial al \u00daltimo Reino.<\/span><\/p>\n<p><span style=\"color: #00ccff;\">Esto no finaliza, reci\u00e9n comienza. \u00a0Los abrazo y quiero.<\/span><\/p>\n<p><span style=\"color: #00ccff;\">Graciela Ar\u00e1oz (Directora FIP)<\/span><\/p>\n<hr \/>\n<p><em>\u00a1Qu\u00e9 poema sin fronteras! \u00a1 Qu\u00e9 canci\u00f3n amorosa!<\/em><br \/>\n<em> Gracias Graciela por ese momento de gracia.<\/em><br \/>\n<em> Un gran abrazo,<\/em><\/p>\n<p>Louise<br \/>\n(Louise Desjardins, Canad\u00e1, junio de 2017)<\/p>\n<hr \/>\n<p><em>Querida Graciela!<\/em><br \/>\n<em> Que regalo maravilhoso de S\u00e9rgio para ti,<\/em><br \/>\n<em> que regalo maravilhoso de ti para nosostros!<\/em><br \/>\n<em> Agora festejamos a excelente poetisa Graciela!<\/em><br \/>\n<em> E los amigos brasilenos!<\/em><br \/>\n<em> Besos para todos!<\/em><\/p>\n<p>Dorothea<br \/>\n(Dorothea N\u00fcrnberg, Austria, junio de 2017)<\/p>\n<hr \/>\n<p><em>Querida y admirada Graciela : de vuelta ya en Espa\u00f1a quiero dejar constancia escrita de la altura y el nivel del Festival Internacional de Poes\u00eda de Buenos Aires que t\u00fa, con un n\u00famero muy limitado de eficient\u00edsimas colaboradoras, organizas y que constituye un aut\u00e9ntico acontecimiento cultural. Sabes que no suelo ir a Festivales, pero lo he hecho &#8211; y encantado de ello- al de Buenos Aires porque sab\u00eda &#8211; porque muchos poetas del mundo entero me lo hab\u00edan dicho- que era algo excepcional. Por ello quiero felicitarte por el enorme \u00e9xito obtenido y agradecerte tambi\u00e9n la invitaci\u00f3n. Sabes que amo a tu pa\u00eds , que Argentina es para m\u00ed un s\u00edmbolo de belleza, hospitalidad, progreso y cultura : ah\u00ed est\u00e1 todo el gran siglo XX de tu pa\u00eds para demostrarlo. Y sabes que amo tambi\u00e9n a Buenos Aires no s\u00f3lo por su fundaci\u00f3n m\u00edtica borgiana sino, sobre todo, por su fundaci\u00f3n real : la que todos sus habitantes, d\u00eda a d\u00eda, luchando con la crisis y la adversidad, han hecho y hacen posible. Esa mezcla de Nueva York y Par\u00eds que Buenos\u00a0 Aires, esa gran hospitalidad que a todos nos ofrece y tiende nos ha acogido estos d\u00edas del Festival, del que guardo un recuerdo imborrable. Sabes que estoy a tu entera disposici\u00f3n, que cuentas conmigo para cuanto necesites y que espero y deseo que tu pa\u00eds y tus compatriotas sean capaces de valorar lo que t\u00fa y tu equipo hab\u00e9is hecho y hac\u00e9is por la CULTURA y por la POES\u00cdA . Recibe, con mi agradecimiento emocionado por estos d\u00edas de convivencia en absoluta sinton\u00eda, mi amistad siempre creciente, Jaime Siles<\/em><\/p>\n<p>(Jaime Siles, Espa\u00f1a, junio de 2017)<\/p>\n<hr \/>\n<p><em>Queridos poetas todos:\u00a1 feliz de haberlos conocido, feliz de haber escuchado tan buena poes\u00eda, tan buena gente. Claro que me qued\u00e9 con ganas de haber conversado m\u00e1s, haber compartido m\u00e1s! Los abrazo con mucho afecto y agradecimiento.<\/em><br \/>\n<em>Graciela querida, gracias por haber hecho posible esta reuni\u00f3n de voces, s\u00e9 de tu trabajo arduo. Hermosa tu canci\u00f3n. gracias por el amor que le pusiste a todo, y por tu generosidad.<\/em><br \/>\n<em>Mi recuerdo para siempre poetas !<\/em><br \/>\n<em>Silvia Montenegro<\/em><\/p>\n<p>(Silvia Montenegro, Argentina, junio de 2017)<\/p>\n<hr \/>\n<p><em>Queridos y queridos poetas: <\/em><br \/>\n<em>Todo est\u00e1 todav\u00eda muy presente en mi coraz\u00f3n: el festival, ustedes, los poemas, las performances, la m\u00fasica, la feria, la biblioteca, los auditorios CCK, las declamaciones, la poes\u00eda y el vino &#8230; Oh mi Buenos Aires querida, yo respiro tu poes\u00eda! \u00a1Oh, poetas, mis semejantes, yo los quiero mucho! \u00a1Nuestro amor l\u00edrico a Graciela Ar\u00e1oz!<\/em><br \/>\n<em>A continuaci\u00f3n se presentan algunas fotos de nuestra ciudad de la infancia, ILH\u00c9US &#8211; tierra natal y escenarios de romances de Jorge Amado, en el coraz\u00f3n del Bosque Atl\u00e1ntico, al borde del Oc\u00e9ano Atl\u00e1ntico. Es el escenario de los poemas de nuestra presentaci\u00f3n en el Festival, Los acordes de la poes\u00eda &#8211; la poes\u00eda de las aguas. <\/em><br \/>\n<em>Yo, Aleilton Fonseca viv\u00eda en la ciudad de 1964 a 1979, donde a\u00fan hoy vive mi madre. Y Sergio di Ramos (poeta y cantante) todav\u00eda vive hoy en la ciudad.<\/em><\/p>\n<p>BESOS Y ABRAZOS. (Aleilton Fonseca &#8211; Ciudad de Salvador-Bahia-Brasil)<\/p>\n<p><a href=\"https:\/\/festivalpoesiabsas.com.ar\/festivales-anteriores\/wp-content\/uploads\/2017\/06\/Fonseca_popurri.jpg\"><img loading=\"lazy\" decoding=\"async\" class=\"size-full wp-image-6201 alignnone\" src=\"https:\/\/festivalpoesiabsas.com.ar\/festivales-anteriores\/wp-content\/uploads\/2017\/06\/Fonseca_popurri.jpg\" alt=\"\" width=\"980\" height=\"530\" srcset=\"https:\/\/festivalpoesiabsas.com.ar\/festivales-anteriores\/wp-content\/uploads\/2017\/06\/Fonseca_popurri.jpg 980w, https:\/\/festivalpoesiabsas.com.ar\/festivales-anteriores\/wp-content\/uploads\/2017\/06\/Fonseca_popurri-300x162.jpg 300w, https:\/\/festivalpoesiabsas.com.ar\/festivales-anteriores\/wp-content\/uploads\/2017\/06\/Fonseca_popurri-768x415.jpg 768w\" sizes=\"(max-width: 980px) 100vw, 980px\" \/><\/a><\/p>\n<hr \/>\n<p><em>\u201cDear Ms Graciela Ar\u00e1oz and Mr. Jorge Paolantonio,<\/em><br \/>\n<em> It is with deep regret that I will be unable to attend your literary festival<\/em><br \/>\n<em> in Buenos Aires this year. I have always wanted to visit Argentina and<\/em><br \/>\n<em> especially Buenos Aires. Unfortunately the time overlaps with a previous\u00a0<\/em><br \/>\n<em> commitment to the Trinidad literary festival of which I am the honorary<\/em><br \/>\n<em> guest this year. I truly want to thank you and Mr. Jorge Paolantonio for<\/em><br \/>\n<em> making such a great effort to help in the arrangements . I also want<\/em><br \/>\n<em> to apologize for the length of time it took me to come to this decision,<\/em><br \/>\n<em> I truly wanted to come, in the end it is just impossible to do both.\u00a0<\/em><br \/>\n<em> I wish you a successful festival, I have heard many good reports about it.<\/em><\/p>\n<p>With sincere regrets, Derek Walcott\u201d<br \/>\n(Derek Walcott, premio N\u00f3bel de Literatura, 1992)<strong><br \/>\n<\/strong><\/p>\n<p><span style=\"color: #666699;\"><em>Estimada Sra. Graciela Ar\u00e1oz y el Sr. Jorge Paolantonio,<\/em><\/span><br \/>\n<span style=\"color: #666699;\"> <em> Es con profundo pesar que me ser\u00e1 imposible asistir a vuestro festival literario En Buenos Aires este a\u00f1o. Siempre he querido visitar Argentina y muy especialmente Buenos Aires. Desafortunadamente, el tiempo se superpone con un compromiso con el festival literario de Trinidad del cual soy invitado de honor este a\u00f1o.<\/em><\/span><br \/>\n<span style=\"color: #666699;\"> <em> Sinceramente quiero agradecerles a usted y al Sr. Jorge Paolantonio por haber hecho tan gran esfuerzo para colaborar en los arreglos. Tambi\u00e9n quiero disculparme por el lapso de tiempo que me tom\u00f3 para llegar a esta decisi\u00f3n.<\/em><\/span><br \/>\n<span style=\"color: #666699;\"> <em> Realmente quer\u00eda ir, al final es imposible hacer las dos cosas.<\/em><\/span><br \/>\n<span style=\"color: #666699;\"> <em> Les deseo un festival exitoso, he escuchado muchos y muy buenos informes al respecto.<\/em><\/span><\/p>\n<p><span style=\"color: #666699;\">Con sinceras disculpas, Derek Walcott.<\/span><br \/>\n<span style=\"color: #666699;\">(Derek Walcott, premio N\u00f3bel de Literatura, 1992)<\/span><strong><br \/>\n<\/strong><\/p>\n<hr \/>\n<p>&nbsp;<\/p>\n<!-- AddThis Advanced Settings generic via filter on the_content --><!-- AddThis Share Buttons generic via filter on the_content -->","protected":false},"excerpt":{"rendered":"<p>Poetas queridas\/os: Luego que pasan los momentos, las horas, los d\u00edas va quedando ese vac\u00edo de la adrenalina compartida en cinco d\u00edas que parecen por la calidez y los abrazos, [&hellip;]<!-- AddThis Advanced Settings generic via filter on get_the_excerpt --><!-- AddThis Share Buttons generic via filter on get_the_excerpt --><\/p>\n","protected":false},"author":1,"featured_media":0,"parent":0,"menu_order":0,"comment_status":"closed","ping_status":"closed","template":"","meta":{"footnotes":""},"_links":{"self":[{"href":"https:\/\/festivalpoesiabsas.com.ar\/festivales-anteriores\/index.php?rest_route=\/wp\/v2\/pages\/6086"}],"collection":[{"href":"https:\/\/festivalpoesiabsas.com.ar\/festivales-anteriores\/index.php?rest_route=\/wp\/v2\/pages"}],"about":[{"href":"https:\/\/festivalpoesiabsas.com.ar\/festivales-anteriores\/index.php?rest_route=\/wp\/v2\/types\/page"}],"author":[{"embeddable":true,"href":"https:\/\/festivalpoesiabsas.com.ar\/festivales-anteriores\/index.php?rest_route=\/wp\/v2\/users\/1"}],"replies":[{"embeddable":true,"href":"https:\/\/festivalpoesiabsas.com.ar\/festivales-anteriores\/index.php?rest_route=%2Fwp%2Fv2%2Fcomments&post=6086"}],"version-history":[{"count":12,"href":"https:\/\/festivalpoesiabsas.com.ar\/festivales-anteriores\/index.php?rest_route=\/wp\/v2\/pages\/6086\/revisions"}],"predecessor-version":[{"id":6837,"href":"https:\/\/festivalpoesiabsas.com.ar\/festivales-anteriores\/index.php?rest_route=\/wp\/v2\/pages\/6086\/revisions\/6837"}],"wp:attachment":[{"href":"https:\/\/festivalpoesiabsas.com.ar\/festivales-anteriores\/index.php?rest_route=%2Fwp%2Fv2%2Fmedia&parent=6086"}],"curies":[{"name":"wp","href":"https:\/\/api.w.org\/{rel}","templated":true}]}}

<p><span style="color: #00ccff;">Poetas queridas/os: Luego que pasan los momentos, las horas, los días va quedando ese vacío de la adrenalina compartida en cinco días que parecen por la calidez y los abrazos, años. Cada uno me ha dejado en lo personal, un olor, una huella, alguna palabra, gesto, risas, y etc. etc.  Esta edición ha sido hermosa, siempre me parecen hermosas, pero -disculpas- pero esta ha tenido alguna impronta, aún no sé qué.</span></p>
<p><span style="color: #00ccff;">Quiero compartir con cada una/o de ustedes esta bella composición y musicalización de mi poema &#8220;Sangre con hilos de Seda&#8221; de mi libro titulado &#8220;El protegido del Ciervo&#8221;, editorial Último Reino, que ha realizado con tanta generosidad este compositor, músico y poeta bahiano con el que hemos compartido estos días, Sérgio Di Ramos. Ahí se los adjunto.</span></p>
<p><span style="color: #00ccff;">A cada una/o les agradezco que entre todas/os y con la calidad de poesía que integró este 12 ° Aleph, ya hemos llegado como mi editorial al Último Reino.</span></p>
<p><span style="color: #00ccff;">Esto no finaliza, recién comienza.  Los abrazo y quiero.</span></p>
<p><span style="color: #00ccff;">Graciela Aráoz (Directora FIP)</span></p>
<hr />
<p><em>¡Qué poema sin fronteras! ¡ Qué canción amorosa!</em><br />
<em> Gracias Graciela por ese momento de gracia.</em><br />
<em> Un gran abrazo,</em></p>
<p>Louise<br />
(Louise Desjardins, Canadá, junio de 2017)</p>
<hr />
<p><em>Querida Graciela!</em><br />
<em> Que regalo maravilhoso de Sérgio para ti,</em><br />
<em> que regalo maravilhoso de ti para nosostros!</em><br />
<em> Agora festejamos a excelente poetisa Graciela!</em><br />
<em> E los amigos brasilenos!</em><br />
<em> Besos para todos!</em></p>
<p>Dorothea<br />
(Dorothea Nürnberg, Austria, junio de 2017)</p>
<hr />
<p><em>Querida y admirada Graciela : de vuelta ya en España quiero dejar constancia escrita de la altura y el nivel del Festival Internacional de Poesía de Buenos Aires que tú, con un número muy limitado de eficientísimas colaboradoras, organizas y que constituye un auténtico acontecimiento cultural. Sabes que no suelo ir a Festivales, pero lo he hecho &#8211; y encantado de ello- al de Buenos Aires porque sabía &#8211; porque muchos poetas del mundo entero me lo habían dicho- que era algo excepcional. Por ello quiero felicitarte por el enorme éxito obtenido y agradecerte también la invitación. Sabes que amo a tu país , que Argentina es para mí un símbolo de belleza, hospitalidad, progreso y cultura : ahí está todo el gran siglo XX de tu país para demostrarlo. Y sabes que amo también a Buenos Aires no sólo por su fundación mítica borgiana sino, sobre todo, por su fundación real : la que todos sus habitantes, día a día, luchando con la crisis y la adversidad, han hecho y hacen posible. Esa mezcla de Nueva York y París que Buenos  Aires, esa gran hospitalidad que a todos nos ofrece y tiende nos ha acogido estos días del Festival, del que guardo un recuerdo imborrable. Sabes que estoy a tu entera disposición, que cuentas conmigo para cuanto necesites y que espero y deseo que tu país y tus compatriotas sean capaces de valorar lo que tú y tu equipo habéis hecho y hacéis por la CULTURA y por la POESÍA . Recibe, con mi agradecimiento emocionado por estos días de convivencia en absoluta sintonía, mi amistad siempre creciente, Jaime Siles</em></p>
<p>(Jaime Siles, España, junio de 2017)</p>
<hr />
<p><em>Queridos poetas todos:¡ feliz de haberlos conocido, feliz de haber escuchado tan buena poesía, tan buena gente. Claro que me quedé con ganas de haber conversado más, haber compartido más! Los abrazo con mucho afecto y agradecimiento.</em><br />
<em>Graciela querida, gracias por haber hecho posible esta reunión de voces, sé de tu trabajo arduo. Hermosa tu canción. gracias por el amor que le pusiste a todo, y por tu generosidad.</em><br />
<em>Mi recuerdo para siempre poetas !</em><br />
<em>Silvia Montenegro</em></p>
<p>(Silvia Montenegro, Argentina, junio de 2017)</p>
<hr />
<p><em>Queridos y queridos poetas: </em><br />
<em>Todo está todavía muy presente en mi corazón: el festival, ustedes, los poemas, las performances, la música, la feria, la biblioteca, los auditorios CCK, las declamaciones, la poesía y el vino &#8230; Oh mi Buenos Aires querida, yo respiro tu poesía! ¡Oh, poetas, mis semejantes, yo los quiero mucho! ¡Nuestro amor lírico a Graciela Aráoz!</em><br />
<em>A continuación se presentan algunas fotos de nuestra ciudad de la infancia, ILHÉUS &#8211; tierra natal y escenarios de romances de Jorge Amado, en el corazón del Bosque Atlántico, al borde del Océano Atlántico. Es el escenario de los poemas de nuestra presentación en el Festival, Los acordes de la poesía &#8211; la poesía de las aguas. </em><br />
<em>Yo, Aleilton Fonseca vivía en la ciudad de 1964 a 1979, donde aún hoy vive mi madre. Y Sergio di Ramos (poeta y cantante) todavía vive hoy en la ciudad.</em></p>
<p>BESOS Y ABRAZOS. (Aleilton Fonseca &#8211; Ciudad de Salvador-Bahia-Brasil)</p>
<p><a href="https://festivalpoesiabsas.com.ar/festivales-anteriores/wp-content/uploads/2017/06/Fonseca_popurri.jpg"><img loading="lazy" decoding="async" class="size-full wp-image-6201 alignnone" src="https://festivalpoesiabsas.com.ar/festivales-anteriores/wp-content/uploads/2017/06/Fonseca_popurri.jpg" alt="" width="980" height="530" srcset="https://festivalpoesiabsas.com.ar/festivales-anteriores/wp-content/uploads/2017/06/Fonseca_popurri.jpg 980w, https://festivalpoesiabsas.com.ar/festivales-anteriores/wp-content/uploads/2017/06/Fonseca_popurri-300x162.jpg 300w, https://festivalpoesiabsas.com.ar/festivales-anteriores/wp-content/uploads/2017/06/Fonseca_popurri-768x415.jpg 768w" sizes="(max-width: 980px) 100vw, 980px" /></a></p>
<hr />
<p><em>“Dear Ms Graciela Aráoz and Mr. Jorge Paolantonio,</em><br />
<em> It is with deep regret that I will be unable to attend your literary festival</em><br />
<em> in Buenos Aires this year. I have always wanted to visit Argentina and</em><br />
<em> especially Buenos Aires. Unfortunately the time overlaps with a previous </em><br />
<em> commitment to the Trinidad literary festival of which I am the honorary</em><br />
<em> guest this year. I truly want to thank you and Mr. Jorge Paolantonio for</em><br />
<em> making such a great effort to help in the arrangements . I also want</em><br />
<em> to apologize for the length of time it took me to come to this decision,</em><br />
<em> I truly wanted to come, in the end it is just impossible to do both. </em><br />
<em> I wish you a successful festival, I have heard many good reports about it.</em></p>
<p>With sincere regrets, Derek Walcott”<br />
(Derek Walcott, premio Nóbel de Literatura, 1992)<strong><br />
</strong></p>
<p><span style="color: #666699;"><em>Estimada Sra. Graciela Aráoz y el Sr. Jorge Paolantonio,</em></span><br />
<span style="color: #666699;"> <em> Es con profundo pesar que me será imposible asistir a vuestro festival literario En Buenos Aires este año. Siempre he querido visitar Argentina y muy especialmente Buenos Aires. Desafortunadamente, el tiempo se superpone con un compromiso con el festival literario de Trinidad del cual soy invitado de honor este año.</em></span><br />
<span style="color: #666699;"> <em> Sinceramente quiero agradecerles a usted y al Sr. Jorge Paolantonio por haber hecho tan gran esfuerzo para colaborar en los arreglos. También quiero disculparme por el lapso de tiempo que me tomó para llegar a esta decisión.</em></span><br />
<span style="color: #666699;"> <em> Realmente quería ir, al final es imposible hacer las dos cosas.</em></span><br />
<span style="color: #666699;"> <em> Les deseo un festival exitoso, he escuchado muchos y muy buenos informes al respecto.</em></span></p>
<p><span style="color: #666699;">Con sinceras disculpas, Derek Walcott.</span><br />
<span style="color: #666699;">(Derek Walcott, premio Nóbel de Literatura, 1992)</span><strong><br />
</strong></p>
<hr />
<p>&nbsp;</p>
<!-- AddThis Advanced Settings generic via filter on the_content --><!-- AddThis Share Buttons generic via filter on the_content -->

<p>Poetas queridas/os: Luego que pasan los momentos, las horas, los días va quedando ese vacío de la adrenalina compartida en cinco días que parecen por la calidez y los abrazos, [&hellip;]<!-- AddThis Advanced Settings generic via filter on get_the_excerpt --><!-- AddThis Share Buttons generic via filter on get_the_excerpt --></p>
