{"id":5401,"date":"2017-05-23T15:53:59","date_gmt":"2017-05-23T18:53:59","guid":{"rendered":"https:\/\/festivalpoesiabsas.com.ar\/festivales-anteriores\/?page_id=5401"},"modified":"2020-05-07T14:49:18","modified_gmt":"2020-05-07T17:49:18","slug":"staff-y-agradecimientos","status":"publish","type":"page","link":"https:\/\/festivalpoesiabsas.com.ar\/festivales-anteriores\/?page_id=5401","title":{"rendered":"Staff y Agradecimientos 2017"},"content":{"rendered":"<div class=\"wpb-content-wrapper\"><p>[vc_row][vc_column]<h4 class=\"sc_title sc_title_regular margin_top_null\">Staff<\/h4>[vc_column_text css=&#8221;.vc_custom_1501263177714{margin-bottom: 30px !important;border-top-width: 1px !important;border-right-width: 1px !important;border-bottom-width: 1px !important;border-left-width: 1px !important;padding-top: 20px !important;padding-right: 20px !important;padding-bottom: 20px !important;padding-left: 20px !important;border-left-color: #faf3f7 !important;border-left-style: solid !important;border-right-color: #faf3f7 !important;border-right-style: solid !important;border-top-color: #faf3f7 !important;border-top-style: solid !important;border-bottom-color: #faf3f7 !important;border-bottom-style: solid !important;border-radius: 3px !important;}&#8221;]<a href=\"https:\/\/festivalpoesiabsas.com.ar\/festivales-anteriores\/wp-content\/uploads\/2017\/05\/Araoz_X8A6879_m_Retrato_de_Daniel_Mordzinki.jpg\"><img loading=\"lazy\" decoding=\"async\" class=\"size-full wp-image-5408 alignnone\" src=\"https:\/\/festivalpoesiabsas.com.ar\/festivales-anteriores\/wp-content\/uploads\/2017\/05\/Araoz_X8A6879_m_Retrato_de_Daniel_Mordzinki.jpg\" alt=\"\" width=\"300\" height=\"300\" srcset=\"https:\/\/festivalpoesiabsas.com.ar\/festivales-anteriores\/wp-content\/uploads\/2017\/05\/Araoz_X8A6879_m_Retrato_de_Daniel_Mordzinki.jpg 300w, https:\/\/festivalpoesiabsas.com.ar\/festivales-anteriores\/wp-content\/uploads\/2017\/05\/Araoz_X8A6879_m_Retrato_de_Daniel_Mordzinki-150x150.jpg 150w\" sizes=\"(max-width: 300px) 100vw, 300px\" \/><\/a><\/p>\n<p><strong>Directora<\/strong><\/p>\n<ul>\n<li>Graciela Ar\u00e1oz.\u00a0<em>Foto: Daniel Mordzinki<\/em><\/li>\n<\/ul>\n<p><strong>Consejo de Asesores<\/strong><\/p>\n<ul>\n<li>Louis Dupr\u00e9 (Canad\u00e1)<\/li>\n<li>Luisa Futoransky (Argentina-Par\u00eds)<\/li>\n<li>Alejandro Nicotra (Argentina)<\/li>\n<li>Hugo Padeletti (Argentina)<\/li>\n<li>V\u00edctor Redondo (Argentina)<\/li>\n<\/ul>\n<p><strong>Coordinaci\u00f3n <\/strong><\/p>\n<ul>\n<li>Marta Miranda (Argentina)<\/li>\n<\/ul>\n<p><strong>Editor<\/strong><\/p>\n<ul>\n<li>Jorge Paolantonio (Argentina)<\/li>\n<\/ul>\n<p><strong>Dise\u00f1o<\/strong><\/p>\n<ul>\n<li>Ramilo Branding (Argentina)<\/li>\n<\/ul>\n<p><strong>Productora<\/strong><\/p>\n<ul>\n<li>Sof\u00eda Bolla (Argentina)<\/li>\n<\/ul>\n<p><strong>Asistente de Producci\u00f3n<\/strong><\/p>\n<ul>\n<li>Melisa Angelozzi (Argentina)<\/li>\n<\/ul>\n<p><strong>Prensa<\/strong><\/p>\n<ul>\n<li>Norbe Comunicaci\u00f3n<\/li>\n<li>Valeria Solarz (Argentina)<\/li>\n<\/ul>\n<p><strong>Fotograf\u00eda<\/strong><\/p>\n<ul>\n<li>Federico Kaplun\u00a0(Argentina)<\/li>\n<li>Laura Szenkierman (Argentina)<\/li>\n<li>Manuela Uribe (Argentina)<\/li>\n<\/ul>\n<p><strong>Video<\/strong><\/p>\n<ul>\n<li>Mariano Gerbino (Argentina)<\/li>\n<\/ul>\n<p><strong>Redes Sociales<\/strong><\/p>\n<ul>\n<li>Natalia Figueroa (Colombia-CABA)<\/li>\n<\/ul>\n<p><strong>Representante legal<\/strong><\/p>\n<ul>\n<li>Odile Pedrido (Argentina)<\/li>\n<\/ul>\n<p>Agradecemos a los poetas: Ana Lema, Jorge Aulicino, Gisela Galimi, Norberto Barleand, Laura L\u00f3pez, Julio Salgado, Miroslav Scheuba, Mirta Hortas (Argentina).[\/vc_column_text][\/vc_column][\/vc_row][vc_row][vc_column]<h4 class=\"sc_title sc_title_regular margin_top_null\">Agradecimientos<\/h4>[vc_column_text css=&#8221;.vc_custom_1495655201486{border-top-width: 1px !important;border-right-width: 1px !important;border-bottom-width: 1px !important;border-left-width: 1px !important;padding-top: 20px !important;padding-right: 20px !important;padding-bottom: 20px !important;padding-left: 20px !important;border-left-color: #faf3f7 !important;border-left-style: solid !important;border-right-color: #faf3f7 !important;border-right-style: solid !important;border-top-color: #faf3f7 !important;border-top-style: solid !important;border-bottom-color: #faf3f7 !important;border-bottom-style: solid !important;border-radius: 3px !important;}&#8221;]<\/p>\n<ul>\n<li>Agencia\u00a0P\u00fablica del\u00a0Libro\u00a0de la Rep\u00fablica de\u00a0Eslovenia (JAK)<\/li>\n<li>Biblioteca Ricardo G\u00fciraldes<\/li>\n<li>Cam\u00f5es &#8211; Instituto da Coopera\u00e7\u00e3o e da Lingua Portugal<\/li>\n<li>CCK<\/li>\n<li>Centro Cultural de Espa\u00f1a en Buenos Aires<\/li>\n<li>Centro de L\u00edngua Portuguesa<\/li>\n<li>Claudio Roncoli (Artista. Argentino \u2013 Miami)<\/li>\n<li>Danish Arts Foundation<\/li>\n<li>Direcci\u00f3n General del Libro Bibliotecas y Promoci\u00f3n de la Lectura del Gobierno de la Ciudad<\/li>\n<li>Dutch Foundation for Literature<\/li>\n<li>Embajada de Canad\u00e1<\/li>\n<li>Embajada de Finlandia en Buenos Aires<\/li>\n<li>Embajada de la Rep\u00fablica de Cuba en Argentina<\/li>\n<li>Embajada de la Rep\u00fablica de Turqu\u00eda en Buenos Aires<\/li>\n<li>Embajada de Portugal en Argentina<\/li>\n<li>Embajada del Uruguay en la Argentina<\/li>\n<li>Escuela <em>JUAN JOSE CASTELLI N\u00ba<\/em>: <em>1<\/em> &#8211; <em> E.: 1<\/em><\/li>\n<li>Festival Internacional de Poes\u00eda de Trois Rivi\u00e8res, Quebec, Canad\u00e1.<\/li>\n<li>Fundaci\u00f3n Iberoamericana de Finlandia<\/li>\n<li>Fundaci\u00f3n Noble<\/li>\n<li>Instituto Cubano del Libro<\/li>\n<li>Istituto Italiano di Cultura<\/li>\n<li>Mar\u00eda Zanotelli por la disposici\u00f3n de ser la Chef de la comida regional y anfitriona de la recepci\u00f3n en la SEA.<\/li>\n<li>Mercado del Progreso<\/li>\n<li>Sociedad de Escritoras y Escritores de la Argentina \u2013SEA-<\/li>\n<li>Sistema Federal de Medios y Contenidos P\u00fablicos de la Naci\u00f3n Argentina<\/li>\n<li>UNESCO<\/li>\n<\/ul>\n<p>&nbsp;<\/p>\n<p>&nbsp;<\/p>\n<p>Agradecimientos especiales al Director del CCK, Gustavo Mozzi, a la productora Juliana Consigli, al Coordinador de Contenidos Culturales, Leandro Olocco y todos los colaboradores de esa direcci\u00f3n.<\/p>\n<p>A Javier Mart\u00ednez, Director General del Libro Bibliotecas y Promoci\u00f3n de la Lectura del Gobierno de la Ciudad.<\/p>\n<p>Al Ministro Hern\u00e1n Lombardi, por su incondicional apoyo a la poes\u00eda y a todo el equipo de amigos del Sistema Federal de Medios y Contenidos P\u00fablicos de la Naci\u00f3n Argentina.[\/vc_column_text][\/vc_column][\/vc_row]<\/p>\n<\/div><!-- AddThis Advanced Settings generic via filter on the_content --><!-- AddThis Share Buttons generic via filter on the_content -->","protected":false},"excerpt":{"rendered":"<p>[vc_row][vc_column][vc_column_text css=&#8221;.vc_custom_1501263177714{margin-bottom: 30px !important;border-top-width: 1px !important;border-right-width: 1px !important;border-bottom-width: 1px !important;border-left-width: 1px !important;padding-top: 20px !important;padding-right: 20px !important;padding-bottom: 20px !important;padding-left: 20px !important;border-left-color: #faf3f7 !important;border-left-style: solid !important;border-right-color: #faf3f7 !important;border-right-style: solid !important;border-top-color: #faf3f7 !important;border-top-style: [&hellip;]<!-- AddThis Advanced Settings generic via filter on get_the_excerpt --><!-- AddThis Share Buttons generic via filter on get_the_excerpt --><\/p>\n","protected":false},"author":1,"featured_media":0,"parent":0,"menu_order":0,"comment_status":"closed","ping_status":"closed","template":"","meta":{"footnotes":""},"_links":{"self":[{"href":"https:\/\/festivalpoesiabsas.com.ar\/festivales-anteriores\/index.php?rest_route=\/wp\/v2\/pages\/5401"}],"collection":[{"href":"https:\/\/festivalpoesiabsas.com.ar\/festivales-anteriores\/index.php?rest_route=\/wp\/v2\/pages"}],"about":[{"href":"https:\/\/festivalpoesiabsas.com.ar\/festivales-anteriores\/index.php?rest_route=\/wp\/v2\/types\/page"}],"author":[{"embeddable":true,"href":"https:\/\/festivalpoesiabsas.com.ar\/festivales-anteriores\/index.php?rest_route=\/wp\/v2\/users\/1"}],"replies":[{"embeddable":true,"href":"https:\/\/festivalpoesiabsas.com.ar\/festivales-anteriores\/index.php?rest_route=%2Fwp%2Fv2%2Fcomments&post=5401"}],"version-history":[{"count":19,"href":"https:\/\/festivalpoesiabsas.com.ar\/festivales-anteriores\/index.php?rest_route=\/wp\/v2\/pages\/5401\/revisions"}],"predecessor-version":[{"id":6205,"href":"https:\/\/festivalpoesiabsas.com.ar\/festivales-anteriores\/index.php?rest_route=\/wp\/v2\/pages\/5401\/revisions\/6205"}],"wp:attachment":[{"href":"https:\/\/festivalpoesiabsas.com.ar\/festivales-anteriores\/index.php?rest_route=%2Fwp%2Fv2%2Fmedia&parent=5401"}],"curies":[{"name":"wp","href":"https:\/\/api.w.org\/{rel}","templated":true}]}}